{"id":44,"date":"2023-03-18T17:41:31","date_gmt":"2023-03-18T16:41:31","guid":{"rendered":"https:\/\/ssc1990.de\/?page_id=44"},"modified":"2023-03-18T19:08:16","modified_gmt":"2023-03-18T18:08:16","slug":"wettkampfklassen","status":"publish","type":"page","link":"https:\/\/ssc1990.de\/index.php\/wettkampfklassen\/","title":{"rendered":"Wettkampfklassen"},"content":{"rendered":"<p>[et_pb_section fb_built=&#8220;1&#8243; _builder_version=&#8220;4.20.2&#8243; _module_preset=&#8220;default&#8220; global_colors_info=&#8220;{}&#8220;][et_pb_row column_structure=&#8220;2_3,1_3&#8243; _builder_version=&#8220;4.20.2&#8243; _module_preset=&#8220;default&#8220; global_colors_info=&#8220;{}&#8220;][et_pb_column type=&#8220;2_3&#8243; _builder_version=&#8220;4.20.2&#8243; _module_preset=&#8220;default&#8220; global_colors_info=&#8220;{}&#8220;][et_pb_text _builder_version=&#8220;4.20.2&#8243; _module_preset=&#8220;default&#8220; max_width=&#8220;69%&#8220; global_colors_info=&#8220;{}&#8220;]<\/p>\n<h1>Wettkampfklassen<\/h1>\n<p>[\/et_pb_text][et_pb_text _builder_version=&#8220;4.20.2&#8243; _module_preset=&#8220;default&#8220; hover_enabled=&#8220;0&#8243; global_colors_info=&#8220;{}&#8220; sticky_enabled=&#8220;0&#8243;]<\/p>\n<table id=\"AutoNumber1\" style=\"width: 542.75px; border-collapse: collapse;\" border=\"1\" cellspacing=\"0\" cellpadding=\"0\">\n<tbody>\n<tr>\n<td style=\"width: 236px;\" align=\"center\" bgcolor=\"#cccccc\" height=\"30\"><strong><span style=\"font-size: large;\">Allgemeine Disziplinen<br \/>\n<\/span><\/strong><\/td>\n<td style=\"width: 92px;\" align=\"center\" bgcolor=\"#cccccc\" height=\"30\"><strong><span style=\"font-size: large;\">K\u00fcrzel<\/span><\/strong><\/td>\n<td style=\"width: 135.75px;\" align=\"center\" bgcolor=\"#cccccc\" height=\"30\"><strong><span style=\"font-size: large;\">Altersbereich<\/span><\/strong><\/td>\n<\/tr>\n<tr>\n<td style=\"width: 236px;\" align=\"center\" height=\"30\"><span style=\"font-size: large;\">Sch\u00fcler I<br \/>\n<\/span><\/td>\n<td style=\"width: 92px;\" align=\"center\" height=\"30\"><span style=\"font-size: large;\">Sch\u00fcler<\/span><\/td>\n<td style=\"width: 135.75px;\" align=\"center\" height=\"30\"><span style=\"font-size: large;\">&lt; 14 *<\/span><\/td>\n<\/tr>\n<tr>\n<td style=\"width: 236px;\" align=\"center\" height=\"30\"><span style=\"font-size: large;\">Jugend<\/span><\/td>\n<td style=\"width: 92px;\" align=\"center\" height=\"30\"><span style=\"font-size: large;\">Jgd<\/span><\/td>\n<td style=\"width: 135.75px;\" align=\"center\" height=\"30\"><span style=\"font-size: large;\">15 &#8211; 16 **<\/span><\/td>\n<\/tr>\n<tr>\n<td style=\"width: 236px;\" align=\"center\" height=\"30\"><span style=\"font-size: large;\">Junioren II (m\/w)<br \/>\n<\/span><\/td>\n<td style=\"width: 92px;\" align=\"center\" height=\"30\"><span style=\"font-size: large;\">Jun II<br \/>\n<\/span><\/td>\n<td style=\"width: 135.75px;\" align=\"center\" height=\"30\"><span style=\"font-size: large;\">17 &#8211; 18<\/span><\/td>\n<\/tr>\n<tr>\n<td style=\"width: 236px;\" align=\"center\" height=\"30\"><span style=\"font-size: large;\">Junioren I (m\/w)<br \/>\n<\/span><\/td>\n<td style=\"width: 92px;\" align=\"center\" height=\"30\"><span style=\"font-size: large;\">Jun I<br \/>\n<\/span><\/td>\n<td style=\"width: 135.75px;\" align=\"center\" height=\"30\"><span style=\"font-size: large;\">19 &#8211; 20<\/span><\/td>\n<\/tr>\n<tr>\n<td style=\"width: 236px;\" align=\"center\" height=\"30\"><span style=\"font-size: large;\">Herren I\u00a0 \/\u00a0 Damen I<br \/>\n<\/span><\/td>\n<td style=\"width: 92px;\" align=\"center\" height=\"30\"><\/td>\n<td style=\"width: 135.75px;\" align=\"center\" height=\"30\"><span style=\"font-size: large;\">21 &#8211; 40<\/span><\/td>\n<\/tr>\n<tr>\n<td style=\"width: 236px;\" align=\"center\" height=\"30\"><span style=\"font-size: large;\">Herren II\u00a0 \/\u00a0 Damen II<\/span><\/td>\n<td style=\"width: 92px;\" align=\"center\" height=\"30\"><\/td>\n<td style=\"width: 135.75px;\" align=\"center\" height=\"30\"><span style=\"font-size: large;\">41 &#8211; 50<\/span><\/td>\n<\/tr>\n<tr>\n<td style=\"width: 236px;\" align=\"center\" height=\"30\"><span style=\"font-size: large;\">Herren III\u00a0 \/\u00a0 Damen III<\/span><\/td>\n<td style=\"width: 92px;\" align=\"center\" height=\"30\"><\/td>\n<td style=\"width: 135.75px;\" align=\"center\" height=\"30\"><span style=\"font-size: large;\">51 &#8211; 60<br \/>\n<\/span><\/td>\n<\/tr>\n<tr>\n<td style=\"width: 236px;\" align=\"center\" height=\"30\"><span style=\"font-size: large;\">Herren IV\u00a0 \/\u00a0 Damen IV<\/span><\/td>\n<td style=\"width: 92px;\" align=\"center\" height=\"30\"><\/td>\n<td style=\"width: 135.75px;\" align=\"center\" height=\"30\"><span style=\"font-size: large;\">&gt;=61<br \/>\n<\/span><\/td>\n<\/tr>\n<tr>\n<td style=\"width: 236px;\" align=\"center\" height=\"30\"><strong><span style=\"font-size: large;\">Auflagedisziplinen<\/span><\/strong><\/td>\n<td style=\"width: 92px;\" align=\"center\" height=\"30\"><\/td>\n<td style=\"width: 135.75px;\" align=\"center\" height=\"30\"><\/td>\n<\/tr>\n<tr>\n<td style=\"width: 236px;\" align=\"center\" height=\"30\"><span style=\"font-size: large;\">Senioren I\u00a0 (m\/w)<br \/>\n<\/span><\/td>\n<td style=\"width: 92px;\" align=\"center\" height=\"30\"><span style=\"font-size: large;\">Sen I<br \/>\n<\/span><\/td>\n<td style=\"width: 135.75px;\" align=\"center\" height=\"30\"><span style=\"font-size: large;\">51 -60<\/span><\/td>\n<\/tr>\n<tr>\n<td style=\"width: 236px;\" align=\"center\" height=\"30\"><span style=\"font-size: large;\">Senioren II\u00a0 (m\/w)<br \/>\n<\/span><\/td>\n<td style=\"width: 92px;\" align=\"center\" height=\"30\"><span style=\"font-size: large;\">Sen. II<br \/>\n<\/span><\/td>\n<td style=\"width: 135.75px;\" align=\"center\" height=\"30\"><span style=\"font-size: large;\">61 &#8211; 65<br \/>\n<\/span><\/td>\n<\/tr>\n<tr>\n<td style=\"width: 236px;\" align=\"center\" height=\"30\"><span style=\"font-size: large;\">Senioren III\u00a0 (m\/w)<\/span><\/td>\n<td style=\"width: 92px;\" align=\"center\" height=\"30\"><span style=\"font-size: large;\">Sen. III<br \/>\n<\/span><\/td>\n<td style=\"width: 135.75px;\" align=\"center\" height=\"30\"><span style=\"font-size: large;\">66 &#8211; 70<br \/>\n<\/span><\/td>\n<\/tr>\n<tr>\n<td style=\"width: 236px;\" align=\"center\" height=\"30\"><span style=\"font-size: large;\">Senioren IV\u00a0 (m\/w)<\/span><\/td>\n<td style=\"width: 92px;\" align=\"center\" height=\"30\"><span style=\"font-size: large;\">Sen. IV<br \/>\n<\/span><\/td>\n<td style=\"width: 135.75px;\" align=\"center\" height=\"30\"><span style=\"font-size: large;\">71 -75<\/span><\/td>\n<\/tr>\n<tr>\n<td style=\"width: 236px;\" align=\"center\" height=\"30\"><span style=\"font-size: large;\">Senioren V\u00a0 (m\/w)<\/span><\/td>\n<td style=\"width: 92px;\" align=\"center\" height=\"30\"><span style=\"font-size: large;\">Sen. V<br \/>\n<\/span><\/td>\n<td style=\"width: 135.75px;\" align=\"center\" height=\"30\"><span style=\"font-size: large;\">&gt;= 76<\/span><\/td>\n<\/tr>\n<\/tbody>\n<\/table>\n<p>* Das Mindestalter f\u00fcr die Aus\u00fcbung dieser Disziplinen betr\u00e4gt 12 Jahre\u00a0\u00a0\u00a0\u00a0\u00a0\u00a0\u00a0\u00a0\u00a0\u00a0\u00a0\u00a0\u00a0\u00a0\u00a0\u00a0\u00a0\u00a0 (mit Ausnahmegenehmigung 10 Jahre).<br \/>\n** F\u00fcr Jugendliche, die das 14. Lebensjahr vollendet haben und noch nicht 16 Jahre alt sind, ist die Disziplin Kleinkaliber unter Obhut verantwortlicher und zur Kinder- und Jugendarbeit f\u00fcr das Schie\u00dfen geeigneter Aufsichtspersonen (Inhaber einer Jugendbasislizenz \/ Vereins\u00fcbungsleiter) erlaubt.[\/et_pb_text][\/et_pb_column][et_pb_column type=&#8220;1_3&#8243; _builder_version=&#8220;4.20.2&#8243; _module_preset=&#8220;default&#8220; global_colors_info=&#8220;{}&#8220;][et_pb_sidebar _builder_version=&#8220;4.20.2&#8243; _module_preset=&#8220;default&#8220; width=&#8220;100%&#8220; max_width=&#8220;100%&#8220; module_alignment=&#8220;left&#8220; global_colors_info=&#8220;{}&#8220;][\/et_pb_sidebar][\/et_pb_column][\/et_pb_row][\/et_pb_section]<\/p>\n","protected":false},"excerpt":{"rendered":"<p>Wettkampfklassen Allgemeine Disziplinen K\u00fcrzel Altersbereich Sch\u00fcler I Sch\u00fcler &lt; 14 * Jugend Jgd 15 &#8211; 16 ** Junioren II (m\/w) Jun II 17 &#8211; 18 Junioren I (m\/w) Jun I 19 &#8211; 20 Herren I\u00a0 \/\u00a0 Damen I 21 &#8211; 40 Herren II\u00a0 \/\u00a0 Damen II 41 &#8211; 50 Herren III\u00a0 \/\u00a0 Damen III 51 [&hellip;]<\/p>\n","protected":false},"author":1,"featured_media":0,"parent":0,"menu_order":0,"comment_status":"closed","ping_status":"closed","template":"","meta":{"_et_pb_use_builder":"on","_et_pb_old_content":"","_et_gb_content_width":"","footnotes":""},"class_list":["post-44","page","type-page","status-publish","hentry"],"yoast_head":"<!-- This site is optimized with the Yoast SEO plugin v27.4 - https:\/\/yoast.com\/product\/yoast-seo-wordpress\/ -->\n<title>Wettkampfklassen &#8211; SSC Oberhausen-Styrum 1990 e.V.<\/title>\n<meta name=\"robots\" content=\"index, follow, max-snippet:-1, max-image-preview:large, max-video-preview:-1\" \/>\n<link rel=\"canonical\" href=\"https:\/\/ssc1990.de\/index.php\/wettkampfklassen\/\" \/>\n<meta property=\"og:locale\" content=\"de_DE\" \/>\n<meta property=\"og:type\" content=\"article\" \/>\n<meta property=\"og:title\" content=\"Wettkampfklassen &#8211; SSC Oberhausen-Styrum 1990 e.V.\" \/>\n<meta property=\"og:description\" content=\"Wettkampfklassen Allgemeine Disziplinen K\u00fcrzel Altersbereich Sch\u00fcler I Sch\u00fcler &lt; 14 * Jugend Jgd 15 - 16 ** Junioren II (m\/w) Jun II 17 - 18 Junioren I (m\/w) Jun I 19 - 20 Herren I\u00a0 \/\u00a0 Damen I 21 - 40 Herren II\u00a0 \/\u00a0 Damen II 41 - 50 Herren III\u00a0 \/\u00a0 Damen III 51 [&hellip;]\" \/>\n<meta property=\"og:url\" content=\"https:\/\/ssc1990.de\/index.php\/wettkampfklassen\/\" \/>\n<meta property=\"og:site_name\" content=\"SSC Oberhausen-Styrum 1990 e.V.\" \/>\n<meta property=\"article:modified_time\" content=\"2023-03-18T18:08:16+00:00\" \/>\n<meta name=\"twitter:card\" content=\"summary_large_image\" \/>\n<meta name=\"twitter:label1\" content=\"Gesch\u00e4tzte Lesezeit\" \/>\n\t<meta name=\"twitter:data1\" content=\"2\u00a0Minuten\" \/>\n<script type=\"application\/ld+json\" class=\"yoast-schema-graph\">{\"@context\":\"https:\\\/\\\/schema.org\",\"@graph\":[{\"@type\":\"WebPage\",\"@id\":\"https:\\\/\\\/ssc1990.de\\\/index.php\\\/wettkampfklassen\\\/\",\"url\":\"https:\\\/\\\/ssc1990.de\\\/index.php\\\/wettkampfklassen\\\/\",\"name\":\"Wettkampfklassen &#8211; SSC Oberhausen-Styrum 1990 e.V.\",\"isPartOf\":{\"@id\":\"https:\\\/\\\/ssc1990.de\\\/#website\"},\"datePublished\":\"2023-03-18T16:41:31+00:00\",\"dateModified\":\"2023-03-18T18:08:16+00:00\",\"breadcrumb\":{\"@id\":\"https:\\\/\\\/ssc1990.de\\\/index.php\\\/wettkampfklassen\\\/#breadcrumb\"},\"inLanguage\":\"de\",\"potentialAction\":[{\"@type\":\"ReadAction\",\"target\":[\"https:\\\/\\\/ssc1990.de\\\/index.php\\\/wettkampfklassen\\\/\"]}]},{\"@type\":\"BreadcrumbList\",\"@id\":\"https:\\\/\\\/ssc1990.de\\\/index.php\\\/wettkampfklassen\\\/#breadcrumb\",\"itemListElement\":[{\"@type\":\"ListItem\",\"position\":1,\"name\":\"Startseite\",\"item\":\"https:\\\/\\\/ssc1990.de\\\/\"},{\"@type\":\"ListItem\",\"position\":2,\"name\":\"Wettkampfklassen\"}]},{\"@type\":\"WebSite\",\"@id\":\"https:\\\/\\\/ssc1990.de\\\/#website\",\"url\":\"https:\\\/\\\/ssc1990.de\\\/\",\"name\":\"SSC1990.de\",\"description\":\"Sportsch\u00fctzenclub Oberhausen-Styrum 1990 e.V.\",\"publisher\":{\"@id\":\"https:\\\/\\\/ssc1990.de\\\/#organization\"},\"potentialAction\":[{\"@type\":\"SearchAction\",\"target\":{\"@type\":\"EntryPoint\",\"urlTemplate\":\"https:\\\/\\\/ssc1990.de\\\/?s={search_term_string}\"},\"query-input\":{\"@type\":\"PropertyValueSpecification\",\"valueRequired\":true,\"valueName\":\"search_term_string\"}}],\"inLanguage\":\"de\"},{\"@type\":\"Organization\",\"@id\":\"https:\\\/\\\/ssc1990.de\\\/#organization\",\"name\":\"SSC1990.de\",\"url\":\"https:\\\/\\\/ssc1990.de\\\/\",\"logo\":{\"@type\":\"ImageObject\",\"inLanguage\":\"de\",\"@id\":\"https:\\\/\\\/ssc1990.de\\\/#\\\/schema\\\/logo\\\/image\\\/\",\"url\":\"https:\\\/\\\/ssc1990.de\\\/wp-content\\\/uploads\\\/2023\\\/03\\\/logo.jpg\",\"contentUrl\":\"https:\\\/\\\/ssc1990.de\\\/wp-content\\\/uploads\\\/2023\\\/03\\\/logo.jpg\",\"width\":1000,\"height\":594,\"caption\":\"SSC1990.de\"},\"image\":{\"@id\":\"https:\\\/\\\/ssc1990.de\\\/#\\\/schema\\\/logo\\\/image\\\/\"}}]}<\/script>\n<!-- \/ Yoast SEO plugin. -->","yoast_head_json":{"title":"Wettkampfklassen &#8211; SSC Oberhausen-Styrum 1990 e.V.","robots":{"index":"index","follow":"follow","max-snippet":"max-snippet:-1","max-image-preview":"max-image-preview:large","max-video-preview":"max-video-preview:-1"},"canonical":"https:\/\/ssc1990.de\/index.php\/wettkampfklassen\/","og_locale":"de_DE","og_type":"article","og_title":"Wettkampfklassen &#8211; SSC Oberhausen-Styrum 1990 e.V.","og_description":"Wettkampfklassen Allgemeine Disziplinen K\u00fcrzel Altersbereich Sch\u00fcler I Sch\u00fcler &lt; 14 * Jugend Jgd 15 - 16 ** Junioren II (m\/w) Jun II 17 - 18 Junioren I (m\/w) Jun I 19 - 20 Herren I\u00a0 \/\u00a0 Damen I 21 - 40 Herren II\u00a0 \/\u00a0 Damen II 41 - 50 Herren III\u00a0 \/\u00a0 Damen III 51 [&hellip;]","og_url":"https:\/\/ssc1990.de\/index.php\/wettkampfklassen\/","og_site_name":"SSC Oberhausen-Styrum 1990 e.V.","article_modified_time":"2023-03-18T18:08:16+00:00","twitter_card":"summary_large_image","twitter_misc":{"Gesch\u00e4tzte Lesezeit":"2\u00a0Minuten"},"schema":{"@context":"https:\/\/schema.org","@graph":[{"@type":"WebPage","@id":"https:\/\/ssc1990.de\/index.php\/wettkampfklassen\/","url":"https:\/\/ssc1990.de\/index.php\/wettkampfklassen\/","name":"Wettkampfklassen &#8211; SSC Oberhausen-Styrum 1990 e.V.","isPartOf":{"@id":"https:\/\/ssc1990.de\/#website"},"datePublished":"2023-03-18T16:41:31+00:00","dateModified":"2023-03-18T18:08:16+00:00","breadcrumb":{"@id":"https:\/\/ssc1990.de\/index.php\/wettkampfklassen\/#breadcrumb"},"inLanguage":"de","potentialAction":[{"@type":"ReadAction","target":["https:\/\/ssc1990.de\/index.php\/wettkampfklassen\/"]}]},{"@type":"BreadcrumbList","@id":"https:\/\/ssc1990.de\/index.php\/wettkampfklassen\/#breadcrumb","itemListElement":[{"@type":"ListItem","position":1,"name":"Startseite","item":"https:\/\/ssc1990.de\/"},{"@type":"ListItem","position":2,"name":"Wettkampfklassen"}]},{"@type":"WebSite","@id":"https:\/\/ssc1990.de\/#website","url":"https:\/\/ssc1990.de\/","name":"SSC1990.de","description":"Sportsch\u00fctzenclub Oberhausen-Styrum 1990 e.V.","publisher":{"@id":"https:\/\/ssc1990.de\/#organization"},"potentialAction":[{"@type":"SearchAction","target":{"@type":"EntryPoint","urlTemplate":"https:\/\/ssc1990.de\/?s={search_term_string}"},"query-input":{"@type":"PropertyValueSpecification","valueRequired":true,"valueName":"search_term_string"}}],"inLanguage":"de"},{"@type":"Organization","@id":"https:\/\/ssc1990.de\/#organization","name":"SSC1990.de","url":"https:\/\/ssc1990.de\/","logo":{"@type":"ImageObject","inLanguage":"de","@id":"https:\/\/ssc1990.de\/#\/schema\/logo\/image\/","url":"https:\/\/ssc1990.de\/wp-content\/uploads\/2023\/03\/logo.jpg","contentUrl":"https:\/\/ssc1990.de\/wp-content\/uploads\/2023\/03\/logo.jpg","width":1000,"height":594,"caption":"SSC1990.de"},"image":{"@id":"https:\/\/ssc1990.de\/#\/schema\/logo\/image\/"}}]}},"_links":{"self":[{"href":"https:\/\/ssc1990.de\/index.php\/wp-json\/wp\/v2\/pages\/44","targetHints":{"allow":["GET"]}}],"collection":[{"href":"https:\/\/ssc1990.de\/index.php\/wp-json\/wp\/v2\/pages"}],"about":[{"href":"https:\/\/ssc1990.de\/index.php\/wp-json\/wp\/v2\/types\/page"}],"author":[{"embeddable":true,"href":"https:\/\/ssc1990.de\/index.php\/wp-json\/wp\/v2\/users\/1"}],"replies":[{"embeddable":true,"href":"https:\/\/ssc1990.de\/index.php\/wp-json\/wp\/v2\/comments?post=44"}],"version-history":[{"count":3,"href":"https:\/\/ssc1990.de\/index.php\/wp-json\/wp\/v2\/pages\/44\/revisions"}],"predecessor-version":[{"id":142,"href":"https:\/\/ssc1990.de\/index.php\/wp-json\/wp\/v2\/pages\/44\/revisions\/142"}],"wp:attachment":[{"href":"https:\/\/ssc1990.de\/index.php\/wp-json\/wp\/v2\/media?parent=44"}],"curies":[{"name":"wp","href":"https:\/\/api.w.org\/{rel}","templated":true}]}}